ed by 19957.
68
What is the remainder when 3360 is divided by 3160?
200
What is the remainder when 1763159 is divided by 6704?
7
What is the remainder when 19093 is divided by 15?
13
Calculate the remainder when 146892 is divided by 607.
605
What is the remainder when 15844 is divided by 288?
4
What is the remainder when 1557 is divided by 1549?
8
What is the remainder when 435859 is divided by 42?
25
Calculate the remainder when 4150 is divided by 1636.
878
Calculate the remainder when 4379 is divided by 981.
455
What is the remainder when 101994 is divided by 618?
24
Calculate the remainder when 442623 is divided by 56.
55
Calculate the remainder when 2678 is divided by 372.
74
Calculate the remainder when 76698 is divided by 400.
298
Calculate the remainder when 23806 is divided by 7935.
1
What is the remainder when 102543 is divided by 1486?
9
What is the remainder when 4680 is divided by 1399?
483
What is the remainder when 15870 is divided by 62?
60
Calculate the remainder when 13464 is divided by 16.
8
What is the remainder when 227618 is divided by 8430?
8
What is the remainder when 64000 is divided by 21290?
130
Calculate the remainder when 6696879 is divided by 1552.
1551
Calculate the remainder when 24848 is divided by 26.
18
Calculate the remainder when 15961 is divided by 5246.
223
What is the remainder when 5188772 is divided by 1717?
1715
Calculate the remainder when 139952 is divided by 378.
92
Calculate the remainder when 15243 is divided by 41.
32
What is the remainder when 10217 is divided by 134?
33
What is the remainder when 4363 is divided by 162?
151
Calculate the remainder when 307747 is divided by 1821.
1819
What is the remainder when 17193 is divided by 183?
174
Calculate the remainder when 61545 is divided by 296.
273
What is the remainder when 92140 is divided by 32?
12
Calculate the remainder when 8956 is divided by 35.
31
Calculate the remainder when 1460829 is divided by 23.
7
Calculate the remainder when 42249 is divided by 74.
69
What is the remainder when 11098 is divided by 1850?
1848
Calculate the remainder when 476902 is divided by 158965.
7
Calculate the remainder when 4438 is divided by 476.
154
What is the remainder when 54946 is divided by 18310?
16
What is the remainder when 2383304 is divided by 18?
14
Calculate the remainder when 101613 is divided by 438.
435
Calculate the remainder when 1833 is divided by 907.
19
What is the remainder when 49226 is divided by 77?
23
Calculate the remainder when 324607 is divided by 127.
122
Calculate the remainder when 3996 is divided by 584.
492
Calculate the remainder when 2045 is divided by 41.
36
What is the remainder when 21174 is divided by 198?
186
Calculate the remainder when 3012 is divided by 65.
22
Calculate the remainder when 6689 is divided by 6311.
378
Calculate the remainder when 6739 is divided by 212.
167
Calculate the remainder when 3382 is divided by 3339.
43
What is the remainder when 143130 is divided by 56?
50
Calculate the remainder when 19875 is divided by 35.
30
What is the remainder when 4998 is divided by 1601?
195
What is the remainder when 100079 is divided by 64?
47
Calculate the remainder when 19467 is divided by 3882.
57
Calculate the remainder when 1353124 is divided by 676562.
0
What is the remainder when 288866 is divided by 60?
26
What is the remainder when 64499 is divided by 86?
85
What is the remainder when 28007 is divided by 57?
20
What is the remainder when 38143 is divided by 12697?
52
What is the remainder when 1649 is divided by 12?
5
What is the remainder when 36623 is divided by 21?
20
What is the remainder when 2659 is divided by 52?
7
Calculate the remainder when 1271 is divided by 624.
23
Calculate the remainder when 7472 is divided by 71.
17
Calculate the remainder when 39750 is divided by 115.
75
Calculate the remainder when 2135 is divided by 98.
77
Calculate the remainder when 613 is divided by 108.
73
What is the remainder when 286383 is divided by 7?
6
Calculate the remainder when 96847 is divided by 27.
25
Calculate the remainder when 43144 is divided by 37.
2
Calculate the remainder when 95908 is divided by 31965.
13
Calculate the remainder when 10602 is divided by 5275.
52
Calculate the remainder when 10096 is divided by 2521.
12
Calculate the remainder when 11874 is divided by 108.
102
Calculate the remainder when 3161689 is divided by 1053896.
1
Calculate the remainder when 28537 is divided by 3166.
43
What is the remainder when 314 is divided by 80?
74
Calculate the remainder when 208102 is divided by 52.
50
Calculate the remainder when 2096638 is divided by 448.
446
What is the remainder when 87812 is divided by 83?
81
Calculate the remainder when 1705 is divided by 276.
49
What is the remainder when 682 is divided by 159?
46
What is the remainder when 29582 is divided by 72?
62
Calculate the remainder when 472388 is divided by 24.
20
What is the remainder when 29120 is divided by 188?
168
Calculate the remainder when 2881618 is divided by 60.
58
What is the remainder when 1497 is divided by 73?
37
Calculate the remainder when 445698 is divided by 38.
34
What is the remainder when 99650 is divided by 19922?
40
What is the remainder when 3854 is divided by 187?
114
What is the remainder when 867302 is divided by 27?
8
What is the remainder when 187678 is divided by 510?
508
What is the remainder when 77249 is divided by 16?
1
What is the remainder when 6447 is divided by 1593?
75
What is the remainder when 21161 is divided by 282?
11
Calculate the remainder when 46285 is divided by 712.
5
What is the remainder when 4349 is divided by 331?
46
What is the remainder when 85543 is divided by 236?
111
Calculate the remainder when 27525 is divided by 9175.
0
What is the remainder when 347395 is divided by 5514?
13
Calculate the remainder when 632753 is divided by 135.
8
What is the remainder when 6915 is divided by 409?
371
Calculate the remainder when 3821 is divided by 67.
2
Calculate the remainder when 3451 is divided by 1560.
331
What is the remainder when 6633 is divided by 3298?
37
What is the remainder when 3481 is divided by 867?
13
What is the remainder when 3109 is divided by 2983?
126
What is the remainder when 15814 is divided by 988?
6
Calculate the remainder when 96124 is divided by 157.
40
Calculate the remainder when 110422 is divided by 88.
70
Calculate the remainder when 421 is divided by 48.
37
What is the remainder when 5892341 is divided by 47?
45
Calculate the remainder when 7311 is divided by 2435.
6
What is the remainder when 7070 is divided by 177?
167
Calculate the remainder when 3014 is divided by 213.
32
Calculate the remainder when 11322 is divided by 1779.
648
What is the remainder when 178933 is divided by 104?
53
What is the remainder when 58312 is divided by 29156?
0
Calculate the remainder when 45406 is divided by 45402.
4
Calculate the remainder when 281 is divided by 29.
20
Calculate the remainder when 41100 is divided by 112.
108
Calculate the remainder when 10146 is divided by 2508.
114
What is the remainder when 935 is divided by 147?
53
Calculate the remainder when 456167 is divided by 458.
457
Calculate the remainder when 84664 is divided by 175.
139
What is the remainder when 6219 is divided by 517?
15
What is the remainder when 30202 is divided by 236?
230
Calculate the remainder when 102282 is divided by 14608.
26
What is the remainder when 6722 is divided by 99?
89
Calculate the remainder when 5215 is divided by 1732.
19
Calculate the remainder when 5186 is divided by 387.
155
What is the remainder when 3583 is divided by 3434?
149
What is the remainder when 151132 is divided by 6297?
4
What is the remainder when 8745948 is divided by 37?
36
What is the remainder when 17187 is divided by 16775?
412
Calculate the remainder when 785679 is divided by 560.
559
What is the remainder when 12900 is divided by 6375?
150
Calculate the remainder when 18027 is divided by 530.
7
Calculate the remainder when 6065 is divided by 865.
10
Calculate the remainder when 7079 is divided by 820.
519
Calculate the remainder when 47964 is divided by 101.
90
Calculate the remainder when 3469 is divided by 415.
149
What is the remainder when 322594 is divided by 603?
592
Calculate the re